he prime factors of 418?
2, 11, 19
List the prime factors of 1657.
1657
What are the prime factors of 20752?
2, 1297
What are the prime factors of 3534?
2, 3, 19, 31
List the prime factors of 281.
281
What are the prime factors of 23376?
2, 3, 487
List the prime factors of 5384.
2, 673
List the prime factors of 22100.
2, 5, 13, 17
List the prime factors of 117806.
2, 13, 23, 197
List the prime factors of 164379.
3, 157, 349
List the prime factors of 33226.
2, 37, 449
List the prime factors of 58186.
2, 47, 619
List the prime factors of 1434.
2, 3, 239
List the prime factors of 3106.
2, 1553
What are the prime factors of 15146?
2, 7573
List the prime factors of 1772.
2, 443
List the prime factors of 174851.
174851
What are the prime factors of 2339?
2339
What are the prime factors of 4882?
2, 2441
What are the prime factors of 2520?
2, 3, 5, 7
List the prime factors of 1818.
2, 3, 101
List the prime factors of 451.
11, 41
List the prime factors of 23957.
23957
What are the prime factors of 2722?
2, 1361
List the prime factors of 4643.
4643
What are the prime factors of 35705?
5, 37, 193
What are the prime factors of 2785?
5, 557
List the prime factors of 41504.
2, 1297
What are the prime factors of 587?
587
What are the prime factors of 1162?
2, 7, 83
What are the prime factors of 2470?
2, 5, 13, 19
List the prime factors of 1615.
5, 17, 19
List the prime factors of 8850.
2, 3, 5, 59
What are the prime factors of 2367?
3, 263
List the prime factors of 798.
2, 3, 7, 19
What are the prime factors of 4911?
3, 1637
List the prime factors of 127780.
2, 5, 6389
List the prime factors of 23925.
3, 5, 11, 29
What are the prime factors of 28993?
79, 367
List the prime factors of 136.
2, 17
List the prime factors of 23528.
2, 17, 173
List the prime factors of 1023.
3, 11, 31
List the prime factors of 14660.
2, 5, 733
What are the prime factors of 4200?
2, 3, 5, 7
What are the prime factors of 86721?
3, 137, 211
What are the prime factors of 9413?
9413
List the prime factors of 1813.
7, 37
What are the prime factors of 2535?
3, 5, 13
What are the prime factors of 72725?
5, 2909
List the prime factors of 8136.
2, 3, 113
What are the prime factors of 256?
2
What are the prime factors of 1033?
1033
List the prime factors of 12292.
2, 7, 439
What are the prime factors of 9507?
3, 3169
What are the prime factors of 4292?
2, 29, 37
List the prime factors of 3012.
2, 3, 251
What are the prime factors of 4437?
3, 17, 29
What are the prime factors of 97293?
3, 7, 41, 113
List the prime factors of 3207.
3, 1069
What are the prime factors of 13159?
13159
List the prime factors of 3334.
2, 1667
List the prime factors of 1198.
2, 599
List the prime factors of 532.
2, 7, 19
What are the prime factors of 378?
2, 3, 7
List the prime factors of 3598.
2, 7, 257
What are the prime factors of 83607?
3, 29, 31
What are the prime factors of 51110?
2, 5, 19, 269
List the prime factors of 817.
19, 43
What are the prime factors of 158206?
2, 79103
What are the prime factors of 5434?
2, 11, 13, 19
What are the prime factors of 884?
2, 13, 17
List the prime factors of 15988.
2, 7, 571
List the prime factors of 1167.
3, 389
What are the prime factors of 2872?
2, 359
What are the prime factors of 369?
3, 41
List the prime factors of 902.
2, 11, 41
What are the prime factors of 104?
2, 13
What are the prime factors of 2633?
2633
What are the prime factors of 55499?
19, 23, 127
List the prime factors of 2393.
2393
List the prime factors of 24594.
2, 3, 4099
What are the prime factors of 63677?
37, 1721
List the prime factors of 12107.
12107
List the prime factors of 1179.
3, 131
What are the prime factors of 7720?
2, 5, 193
What are the prime factors of 44521?
211
List the prime factors of 34916.
2, 7, 29, 43
What are the prime factors of 15838?
2, 7919
What are the prime factors of 11191?
19, 31
What are the prime factors of 4978?
2, 19, 131
What are the prime factors of 2956?
2, 739
List the prime factors of 8915.
5, 1783
List the prime factors of 565.
5, 113
What are the prime factors of 25162?
2, 23, 547
What are the prime factors of 9912?
2, 3, 7, 59
List the prime factors of 19237.
19237
List the prime factors of 1250.
2, 5
List the prime factors of 2629.
11, 239
What are the prime factors of 1487?
1487
What are the prime factors of 19573?
23, 37
List the prime factors of 188.
2, 47
List the prime factors of 57274.
2, 7, 4091
What are the prime factors of 4546?
2, 2273
List the prime factors of 68797.
89, 773
List the prime factors of 2941.
17, 173
List the prime factors of 773.
773
List the prime factors of 98756.
2, 7, 3527
List the prime factors of 85.
5, 17
List the prime factors of 119908.
2, 31, 967
What are the prime factors of 308?
2, 7, 11
What are the prime factors of 11736?
2, 3, 163
What are the prime factors of 487?
487
List the prime factors of 14040.
2, 3, 5, 13
What are the prime factors of 3729?
3, 11, 113
List the prime factors of 11468.
2, 47, 61
What are the prime factors of 82?
2, 41
What are the prime factors of 1627?
1627
List the prime factors of 573.
3, 191
What are the prime factors of 48260?
2, 5, 19, 127
What are the prime factors of 471?
3, 157
List the prime factors of 21393.
3, 2377
What are the prime factors of 39397?
39397
List the prime factors of 1727.
11, 157
What are the prime factors of 534?
2, 3, 89
What are the prime factors of 1556?
2, 389
List the prime factors of 26958.
2, 3, 4493
What are the prime factors of 1705?
5, 11, 31
What are the prime factors of 3183?
3, 1061
List the prime factors of 879.
3, 293
List the prime factors of 475.
5, 19
List the prime factors of 28886.
2, 11, 13, 101
What are the prime factors of 2160?
2, 3, 5
List the prime factors of 1198.
2, 599
What are the prime factors of 150165?
3, 5, 47, 71
List the prime factors of 3930.
2, 3, 5, 131
What are the prime factors of 65180?
2, 5, 3259
What are the prime factors of 413?
7, 59
What are the prime factors of 3920?
2, 5, 7
What are the prime factors of 20844?
2, 3, 193
What are the prime factors of 6262?
2, 31, 101
List the prime factors of 73894.
2, 36947
List the prime factors of 6048.
2, 3, 7
List the prime factors of 2463.
3, 821
List the prime factors of 3923.
3923
What are the prime factors of 37?
37
List the prime factors of 891.
3, 11
What are the prime factors of 85218?
2, 3, 7, 2029
List the prime factors of 988.
2, 13, 19
What are the prime factors of 17115?
3, 5, 7, 163
List the prime factors of 753.
3, 251
List the prime factors of 10356.
2, 3, 863
List the prime factors of 1262.
2, 631
What are the prime factors of 2619?
3, 97
What are the prime factors of 12618?
2, 3, 701
What are the prime factors of 911?
911
What are the prime factors of 23955?
3, 5, 1597
What are the prime factors of 15126?
2, 3, 2521
What are the prime factors of 638?
2, 11, 29
List the prime factors of 4747.
47, 101
List the prime factors of 11964.
2, 3, 997
What are the prime factors of 24759?
3, 7, 131
List the prime factors of 8156.
2, 2039
What are the prime factors of 61089?
3, 7, 2909
List the prime factors of 245.
5, 7
What are the prime factors of 22119?
3, 73, 101
List the prime factors of 1096.
2, 137
What are the prime factors of 8686?
2, 43, 101
List the prime factors of 29548.
2, 83, 89
What are the prime factors of 26536?
2, 31, 107
What are the prime factors of 272?
2, 17
List the prime factors of 55.
5, 11
What are the prime factors of 27984?
2, 3, 11, 53
What are the prime factors of 22703?
73, 311
What are the prime factors of 47100?
2, 3, 5, 157
What are the prime factors of 3913?
7, 13, 43
What are the prime factors of 2011?
2011
What are the prime factors of 1417?
13, 109
What are the prime factors of 17047?
17047
What are the prime factors of 73448?
2, 9181
List the prime factors of 93044.
2, 7, 3323
List the prime factors of 824.
2, 103
What are the prime factors of 2618?
2, 7, 11, 17
What are the prime factors of 1012?
2, 11, 23
What are the prime factors of 1305?
3, 5, 29
What are the prime factors of 8232?
2, 3, 7
What are the prime factors of 201?
3, 67
What are the prime factors of 23815?
5, 11, 433
What are the prime factors of 659?
659
What are the prime factors of 98729?
98729
What are the prime factors of 25254?
2, 3, 23, 61
List the prime fa